ctors of 2*((3 - 1) + w).
2
List the prime factors of 24/8 + 1 + -1.
3
Suppose 3*s = -2*v - 0*s - 31, -v - s - 13 = 0. What are the prime factors of 1/(-4) - 18/v?
2
Let p(o) = 6*o - 5. Suppose 2*l = u + 3, l = -l + 4*u - 12. What are the prime factors of p(l)?
19
Let p(o) be the first derivative of -o**4/4 + 5*o**3/3 + 4*o**2 + 4*o + 1. What are the prime factors of p(6)?
2
Suppose 2*a + 237 = 3*d, 3*a = -6*d + d + 414. List the prime factors of d.
3
Suppose -2*v = v + k + 2, 5*v + k = -6. Let m be ((-117)/6 + 1)*v. Let h = -16 + m. What are the prime factors of h?
3, 7
Suppose 0 = -4*w + w - 4*z - 11, -16 = 3*w - z. Let r = 7 + w. What are the prime factors of r?
2
Suppose -664 = 5*u - 13*u. What are the prime factors of u?
83
Let i be (0 - 0)/((-21)/(-7)). Suppose i - 8 = -2*a. Let x = 12 - a. What are the prime factors of x?
2
Let m = -9 + 13. List the prime factors of m.
2
Suppose -5*x = -j + 12, -5*j - x + 16 = -4*x. Let c = j - -2. Suppose 0 = -c*h + 2*h + 32. What are the prime factors of h?
2
Let p = -28 + 18. Let v = 23 + -41. Let h = p - v. List the prime factors of h.
2
Let h = -63 + 166. What are the prime factors of h?
103
Let v be (-26)/2 - (-2 - 1). List the prime factors of 4/(-10) - 204/v.
2, 5
Let y(o) = -o**3 - 6*o**2 - 7*o + 2. Let v be y(-5). Suppose v = 6*a - 3*a. Let r = a - 1. What are the prime factors of r?
3
Suppose -3*k = -3*h + 24, k + 5*h = 3*h - 17. Let j(u) = -u**3 - 11*u**2 - 3*u - 11. List the prime factors of j(k).
2, 11
Let u be ((-3)/(-6))/(2/28). Suppose -17 = -2*l + o, 5*l + 3*o = u*o + 50. List the prime factors of l.
2, 3
Let v(x) = x**3 - 5*x**2 - 4*x - 3. Let k be v(6). Suppose 5*u + 196 = k*u. What are the prime factors of u?
7
Let m(c) = -2*c**2 - 1. Let r be m(-1). What are the prime factors of -92*((-10)/(-4) + r)?
2, 23
Let c(g) = -g + 1. Let p be c(-3). Suppose 4*w + p = 2*w. List the prime factors of 15 + (-2)/w*-2.
13
Suppose 2*q - 4*a = 10, 2*q + 4*a + 15 = 3*a. Let t(y) = 2*y**2 - 6*y. Let w(b) = 3*b**2 - 9*b. Let k(g) = q*w(g) + 8*t(g). What are the prime factors of k(5)?
2, 5
Let p(b) = -8*b + 1. Let c(o) = o**2 - 5*o + 4. Let d be c(3). What are the prime factors of p(d)?
17
Let q = 345 + -157. What are the prime factors of (-1)/3 + q/6?
31
Let p = 60 - 26. List the prime factors of p.
2, 17
Let s be ((-3)/2)/((-6)/64). Suppose 0*o - o = -s. What are the prime factors of (-1)/4 - (-292)/o?
2, 3
Let z(u) = 8*u**2 + 1. Let d = -4 + 5. Let g be z(d). Let w(b) = b - 2. List the prime factors of w(g).
7
Suppose 0 = -3*g - g + 4*q + 44, -5*g = q - 31. Suppose 39 = 2*k - 3*v, -3*k + v = -4*k + g. Let t = k - 1. What are the prime factors of t?
11
Suppose 0*v + 5*v - 48 = -2*d, 5*d = 4*v + 54. Let s = -1 + d. What are the prime factors of s?
13
Let z = -67 - -198. What are the prime factors of z?
131
Let t(d) = -d + 1. Let c be t(-4). Let j = 0 + c. What are the prime factors of j?
5
Let h = -26 + 121. List the prime factors of h.
5, 19
Suppose -3*l = -5*s, 3*l + 5*s = s. List the prime factors of 6 + 1 + l + 0.
7
Let m = 35 + -4. List the prime factors of m.
31
Suppose i = 4*l + 9, 4*i = 3*l + 2*i + 8. Let u(s) = 7*s**2 - 2. Let h be u(l). Suppose 2*a + 2*a + 39 = 3*f, -3*a = f - h. List the prime factors of f.
17
Let j(a) = -a + 4. Let w be j(6). List the prime factors of (-2)/3*21/w.
7
Suppose -2*f + 3*f = -11. Let x = f - -16. Let r(c) = c**2 - 4*c - 2. List the prime factors of r(x).
3
Let d = -24 + 74. Suppose 0*k = -2*k + 10. Suppose d = k*h - 10. What are the prime factors of h?
2, 3
Suppose -z - 1 = 0, -3*x - 5*z + 51 = 14. List the prime factors of x.
2, 7
Suppose 3*m + 5*b - b + 4 = 0, -b = 1. Suppose 2 = -m*x + x. Suppose 3*v = -3*n + 21, 2*n + 5*v - 31 = -x*n. List the prime factors of n.
2
Let x(i) be the first derivative of i**3/3 - 7*i**2/2 - 1. Let m be x(6). Let z(k) = k**2 + 5*k + 1. List the prime factors of z(m).
7
Let y(v) = -v - 3. Let x be y(-7). Suppose -8 = -c - 3*c. Suppose x*d = c*d + 18. List the prime factors of d.
3
Let u(x) = -4 + 4 + 10*x - 3*x. List the prime factors of u(3).
3, 7
Let i(q) be the third derivative of -1/6*q**3 - 2*q**2 + 0*q + 0*q**5 + 0 - 1/24*q**4 - 1/120*q**6. What are the prime factors of i(-2)?
3
Let s(d) = -8*d + 2. Let f be (-5 + 0)*28/35. What are the prime factors of s(f)?
2, 17
What are the prime factors of 5 - (4/1 - 4)?
5
Suppose 2*y = 5*q + 132, 0 = 4*y - 2*q - 16 - 216. What are the prime factors of y?
2, 7
Suppose -2*f = t - 9, f + 4*t = 5*t - 3. What are the prime factors of 9/(-2*f/(-8))?
2, 3
Suppose 2*l - 89 = 155. List the prime factors of l.
2, 61
Let k(c) = c**3 - 6*c**2 - c - 2. Let b be k(6). Suppose 2 - 6 = z. Let i = z - b. What are the prime factors of i?
2
Suppose -4*b - 2*l - 1 = 1, -19 = 5*b - 3*l. Let s be b - (-6)/(-3)*-2. Suppose 5*k + s*m - 43 = -0*k, 31 = 4*k + 5*m. List the prime factors of k.
3
Suppose 3*o - 539 = -2*w, 289 = 4*w + 3*o - 774. List the prime factors of w.
2, 131
List the prime factors of (-1)/3 + 150/18.
2
List the prime factors of 0/(-1) + -2 + -1 + 306.
3, 101
Suppose -6*p + 5*p = -9. What are the prime factors of p?
3
Let m(l) = 6*l**2 - 3*l + 2. Let s be m(3). Suppose 5*c - 3 = x - 28, -c = 5*x - s. List the prime factors of x.
2, 5
Let r(g) = g**2 + 11*g + 2. Let v be r(-11). Suppose b - v + 1 = 0. Let u(t) = 11*t + 1. List the prime factors of u(b).
2, 3
Suppose -4*b = -b - 6. Suppose b*f + 70 = 3*f. Suppose 2*j - 2*t = 7*j - f, -15 = -3*t. What are the prime factors of j?
2, 3
Let f(l) = l**2 - 7*l - 12. Let z be (-4)/14 + (-2)/(-7). Let w be (2 + z)/(4/18). List the prime factors of f(w).
2, 3
Suppose 2*d + 46 = 6*d + 3*i, 0 = 2*i + 4. Let s = 1 + d. What are the prime factors of s?
2, 7
Let c(o) = 4 + o**2 + 0*o**2 + 3*o - 2*o + 0*o**2. Let l be c(5). Suppose -81 = -5*w + l. What are the prime factors of w?
23
Let d(g) = -43*g - 1. List the prime factors of d(-3).
2
Suppose -101 - 3 = -2*h. List the prime factors of h.
2, 13
Suppose -h = 4*k - 2 - 16, 2*k + 2 = 5*h. Let b = 15 - 8. Suppose 30 = -h*p + b*p. List the prime factors of p.
2, 3
Let o(k) = -k**2 + 7*k + 4. Let t(y) = -y + 3. Let g = -7 + 3. Let w be t(g). What are the prime factors of o(w)?
2
List the prime factors of (-244)/((-3 - -3) + -1).
2, 61
Suppose -282 = -128*w + 127*w. What are the prime factors of w?
2, 3, 47
Let s be 128/10 - (-2)/10. Suppose -9 = -2*g + s. List the prime factors of g.
11
What are the prime factors of (0 + -1)/(9/(-207))?
23
Let u(h) be the third derivative of h**6/120 + h**5/12 - 5*h**4/24 - 7*h**3/6 - h**2. What are the prime factors of u(-5)?
2, 3
Suppose 2*t + 54 = 5*t. List the prime factors of t.
2, 3
Let j be (5/3)/(3/(-9)). Let r = j - -1. Let p(z) = -2*z + 4. What are the prime factors of p(r)?
2, 3
Let b(q) = q**3 - 4*q**2 - 5*q. Let u be b(5). Suppose u = -5*c - 4*p + 23, 4*p - 7 - 2 = -3*c. What are the prime factors of c?
7
Let g(v) be the first derivative of v**4/2 - v**3/3 + v**2 + v - 3. What are the prime factors of g(2)?
17
Let v(j) = -2*j + 14. Let o = -9 + 9. List the prime factors of v(o).
2, 7
Let m(d) = d**2 - 7 + 7 - 2*d. What are the prime factors of m(6)?
2, 3
List the prime factors of ((-63)/(-5))/((-42)/(-140)).
2, 3, 7
Let c = -5 + 8. Suppose c*z - 26 = z. Suppose -4*r - 46 = -3*y, -5*y + 82 - z = r. What are the prime factors of y?
2, 7
Suppose -6*k = -2*k - 100. List the prime factors of k.
5
Suppose -52*r = -47*r - 410. What are the prime factors of r?
2, 41
Let j = 93 - 0. List the prime factors of j.
3, 31
Let q(n) = -46*n - 1. What are the prime factors of q(-8)?
367
Suppose 0*a + 23 = -a. Suppose -4*s + n - 47 = 0, n = -2*s - 2*s - 41. Let m = s - a. What are the prime factors of m?
2, 3
Let m(j) = j**3 - 9*j**2 + 10*j - 10. Let l be m(8). What are the prime factors of (-3)/2*(-28)/l?
7
What are the prime factors of 60/(-18)*(-297)/6?
3, 5, 11
Let d(b) = -10*b**3 - b**2 + 1. List the prime factors of d(-1).
2, 5
Let n(v) = 10*v**2 + 5*v - 11. List the prime factors of n(4).
13
Suppose -4*g = -3*z - 124, 3*z - 6*z = 4*g - 148. List the prime factors of g.
2, 17
Let x(h) = h + 8. Let l be x(-6). What are the prime factors of 0 + (-1)/(l/(-32))?
2
Suppose 0 = -4*h + 4, n = 4*n - 2*h - 88. Suppose 4*w = -w + n. Let u = w + -1. List the prime factors of u.
5
Le